(l) = -131*l + 2219. Calculate k(17).
-8
Let z(l) = 9173*l - 55019. Give z(6).
19
Let j(a) = 17*a**3 - 38*a**2 + 40*a - 2. Give j(1).
17
Let m(x) = -4*x**2 + 206*x + 67. Give m(52).
-37
Let w(g) = -2*g**3 + 69*g**2 + 32*g + 105. Determine w(35).
0
Let v(h) = 23*h - 129. What is v(17)?
262
Let i(k) = 98*k + 2652. Calculate i(-27).
6
Let z(j) = 3*j**2 + 3*j - 2. Calculate z(6).
124
Let l(j) = j**3 + 69*j**2 + 380*j + 178. Determine l(-63).
52
Let p(t) = t**3 + 66*t**2 + 12*t + 713. Calculate p(-66).
-79
Let q(a) = 36*a - 1788. Calculate q(60).
372
Let u(h) = -2*h**3 - 48*h**2 + 4*h + 9. Calculate u(-24).
-87
Let g(q) = 15*q**2 - 237*q - 312. Calculate g(17).
-6
Let x(c) = -16*c + 8. Calculate x(-3).
56
Let c(x) = -4*x**3 - x**2 + 27*x - 20. Determine c(-3).
-2
Let g(r) = 724*r + 1448. Give g(-2).
0
Let l(k) = 28*k**3 - 358*k**2 - 77*k - 7. Determine l(13).
6
Let b(f) = 447*f - 47836. Determine b(107).
-7
Let x(o) = 50*o + 286. What is x(-6)?
-14
Let y(k) = 29*k + 443. Give y(-15).
8
Let j(o) = -o**3 + 31*o**2 - 3*o + 31. Determine j(31).
-62
Let i(u) = 681*u + 3229. What is i(-5)?
-176
Let j(z) = 35*z**2 - 2*z + 2. Calculate j(1).
35
Let y(g) = -40*g + 1341. Determine y(32).
61
Let d(s) = 65*s - 68. Determine d(1).
-3
Let g(h) = h**3 + 2*h**2 - 43*h - 115. Determine g(-6).
-1
Let p(q) = -53*q - 629. Give p(-12).
7
Let z(r) = -6293*r - 12610. Give z(-2).
-24
Let j(t) = 2*t**3 - 5*t**2 - 85*t - 21. Calculate j(8).
3
Let g(y) = 59*y + 8077. Calculate g(-137).
-6
Let i(l) = -l**3 - 14*l**2 - 12*l - 397. Determine i(-15).
8
Let o(g) = 67*g + 160. Give o(-2).
26
Let d(r) = r**2 - 69*r + 989. Give d(49).
9
Let g(k) = -k**3 + 70*k**2 - 66*k - 199. Give g(69).
8
Let w(h) = 120*h + 1017. What is w(-9)?
-63
Let h(l) = -1211*l - 1365. Determine h(-1).
-154
Let r(b) = 7*b - 322. Determine r(24).
-154
Let s(v) = 84*v - 4778. Determine s(57).
10
Let z(t) = t**3 - 4*t**2 + 14*t - 121. Give z(5).
-26
Let j(g) = 24*g**2 - 2756*g - 438. Calculate j(115).
22
Let c(n) = n**2 + 122*n - 1409. Determine c(11).
54
Let w(g) = -5*g**3 + 20*g**2 - 125*g + 491. Calculate w(4).
-9
Let x(v) = 9*v**2 + 314*v - 367. Calculate x(-36).
-7
Let d(j) = -6*j + 10. Determine d(0).
10
Let l(y) = y**3 - 6*y**2 - 14*y - 17. What is l(9)?
100
Let s(o) = o**2 - 339*o - 6049. Determine s(-17).
3
Let c(q) = 4*q**2 - 97*q + 56. Determine c(23).
-59
Let l(j) = -7*j + 28. Give l(-7).
77
Let r(i) = 44*i**2 + 13*i + 8. Calculate r(-2).
158
Let m(j) = -17*j**3 + 12*j**2 - 9*j - 19. Determine m(2).
-125
Let k(m) = 581*m - 1055. What is k(2)?
107
Let l(g) = g**2 - 55*g - 327. What is l(54)?
-381
Let i(n) = 1453*n + 24691. Give i(-17).
-10
Let s(t) = 3*t**3 + 3*t**2 + 3*t - 4. What is s(-4)?
-160
Let a(d) = -58*d + 3353. What is a(69)?
-649
Let l(q) = 5*q**2 - 4*q - 2792. Calculate l(24).
-8
Let d(v) = -136*v + 4. Calculate d(0).
4
Let g(p) = -24*p + 585. Calculate g(30).
-135
Let u(i) = -i**2 + 35*i - 104. Determine u(21).
190
Let t(y) = -8*y**2 + 64*y + 5. Determine t(8).
5
Let x(f) = f**2 - 6412*f + 19234. Calculate x(3).
7
Let s(w) = 415*w + 61413. Determine s(-148).
-7
Let p(t) = 6*t - 421. Determine p(63).
-43
Let r(j) = 55*j + 3032. What is r(-49)?
337
Let p(w) = 12*w - 1122. Give p(95).
18
Let t(u) = 2*u**2 + 191*u + 1154. Calculate t(-89).
-3
Let a(m) = -m**3 - 3*m**2 + 10*m + 10. Determine a(-4).
-14
Let k(b) = -290*b - 34. What is k(2)?
-614
Let f(h) = h**3 - 8*h**2 - 10*h + 63. Calculate f(8).
-17
Let q(a) = 4*a**2 - 16*a - 16. Give q(7).
68
Let z(n) = 32*n**2. What is z(1)?
32
Let k(t) = -15*t - 230. What is k(-9)?
-95
Let a(y) = -y**3 + 29*y**2 - 196*y - 215. Determine a(15).
-5
Let z(k) = -k**3 - 14*k**2 - 13*k - 55. Calculate z(-13).
-55
Let b(d) = -41*d - 1942. Calculate b(-47).
-15
Let f(w) = -32*w**3 - 320*w**2 + 191*w + 1903. Determine f(-10).
-7
Let q(b) = 202*b + 2015. Calculate q(-10).
-5
Let f(d) = -5*d**3 - 5*d**2 - 8*d - 13. What is f(-2)?
23
Let p(z) = -2*z**2 + 28*z - 38. Calculate p(15).
-68
Let m(x) = 141*x + 1990. Determine m(-14).
16
Let g(f) = f**3 - 17*f**2 - 147*f - 1. Calculate g(23).
-208
Let p(q) = q**2 + 8*q + 18. Give p(-11).
51
Let p(h) = -262*h - 9168. Calculate p(-35).
2
Let w(a) = -a**2 + 28*a + 428. Calculate w(39).
-1
Let i(n) = n**3 - 73*n**2 + 516*n - 58. What is i(65)?
-318
Let o(a) = -a**2 - 41*a + 472. Determine o(9).
22
Let t(z) = -41*z + 9. What is t(-22)?
911
Let n(k) = 64*k + 385. Calculate n(-5).
65
Let m(p) = 511*p - 10. Determine m(-1).
-521
Let d(l) = -20*l + 505. Give d(30).
-95
Let v(i) = 41*i + 2383. Calculate v(-59).
-36
Let y(n) = -2*n**3 - 21*n**2 + 11*n - 49. What is y(-11)?
-49
Let v(f) = f + 127. Calculate v(-78).
49
Let h(k) = -k**3 - 43*k**2 + 82*k - 292. What is h(-45)?
68
Let z(y) = 3*y**2 - 44*y + 59. What is z(13)?
-6
Let q(g) = -58*g + 1123. Give q(18).
79
Let x(n) = -5*n**2 + 117*n - 712. Determine x(12).
-28
Let g(k) = 10*k**3 + 7*k**2 - 4*k - 1. Calculate g(2).
99
Let u(g) = g**3 - 97*g**2 + 368*g + 376. What is u(93)?
4
Let r(o) = o**3 - 43*o**2 - 134*o - 11. What is r(-3)?
-23
Let u(z) = -1073*z + 4199. Calculate u(4).
-93
Let a(h) = 5*h**2 + 64*h + 366. Give a(-7).
163
Let x(s) = 718*s + 986. Calculate x(-1).
268
Let g(z) = -310*z**2 + 257*z + 1. Calculate g(1).
-52
Let m(p) = 5*p**3 + p**2 - 13*p + 21. Calculate m(0).
21
Let n(v) = -48*v + 44. Calculate n(12).
-532
Let s(f) = -7*f**3 + f**2 + 10*f - 10. Determine s(-3).
158
Let m(l) = -2*l**3 + 3*l**2 + 6*l + 6. What is m(5)?
-139
Let t(v) = -4*v + 74. What is t(7)?
46
Let b(l) = -l**3 - 30*l**2 + 64*l - 56. Give b(-32).
-56
Let l(k) = -30*k + 50. Calculate l(0).
50
Let p(l) = -3*l**2 + 343*l + 318. What is p(115)?
88
Let h(a) = -19*a + 319. Give h(17).
-4
Let p(r) = 46*r - 2372. Give p(52).
20
Let k(b) = 111*b - 4559. Determine k(41).
-8
Let w(x) = 5*x**2 + 1171*x + 29940. Calculate w(-205).
10
Let z(f) = -2*f**2 - 212*f + 1578. What is z(7)?
-4
Let y(r) = r**2 + 38*r - 204. What is y(-43)?
11
Let m(s) = s**2 - 18*s - 2016. Calculate m(-37).
19
Let j(h) = -31*h + 63. Calculate j(23).
-650
Let s(l) = -9*l**2 + 81*l - 303. Give s(4).
-123
Let v(h) = -312*h - 944. Calculate v(-3).
-8
Let n(z) = -2*z**2 + 27*z - 41. What is n(9)?
40
Let k(c) = 149*c - 151. Determine k(1).
-2
Let l(o) = -49*o + 1385. Give l(27).
62
Let d(x) = 897*x + 6106. Determine d(-7).
-173
Let m(f) = 2*f**3 + 15*f**2 + 42*f + 9. Calculate m(-3).
-36
Let c(x) = -164*x + 7079. What is c(43)?
27
Let y(p) = -23*p - 706. Calculate y(-29).
-39
Let c(t) = t**3 + 18*t**2 + 61*t - 23. Give c(-14).
-93
Let g(s) = 2*s**3 - 143*s**2 - 51*s - 12263. Calculate g(73).
1
Let s(y) = 11*y + 56. What is s(-7)?
-21
Let u(l) = 9*l**2 + 40*l - 606. Give u(6).
-42
Let a(m) = 33*m + 2014. Calculate a(-61).
1
Let d(b) = 11*b**2 + 1509*b + 219. Determine d(-137).
-55
Let s(l) = -3*l**2 + 3*l + 262. Determine s(0).
262
Let h(t) = t**3 - 66*t**2 - 154*t + 1231. Give h(68).
7
Let u(l) = 5*l + 144. Calculate u(-29).
-1
Let z(t) = 2*t**2 - 10*t - 62. Calculate z(8).
-14
Let k(t) = t**2 + 3*t - 391. Give k(-30).
419
Let p(o) = 3*o**2 + 34*o + 136. Give p(-5).
41
Let y(s) = s**3 + 4*s**2 - 17*s + 18. Determine y(-6).
48
Let t(d) = -1111*d + 17831. Give t(16).
55
Let u(v) = -11*v - 246. Determine u(-22).
-4
Let m(x) = x**3 + 58*x**2 + 219*x + 154. What is m(-54)?
-8
Let f(z) = z**2 - 40*z - 176. Calculate f(45).
49
Let q(t) = -t**2 - 146*t - 562. Calculate q(-142).
6
Let c(i) = i**3 - 37*i**2 - 56*i + 763. Determine c(38).
79
Let i(n) = -7*n**3 + 4*n**2 + 30*n - 31. Give i(1).
-4
Let z(s) = -2*s**2 - 18*s + 64. Calculate z(4).
-40
Let c(p) = -2*p**2 + 9*p + 101. Give c(10).
-9
Let o(b) = -4077*b - 106002. What is o(-26)?
0
Let u(f) = 153*f - 871. What is u(7)?
200
Let h(x) = 169*x**2 - 507*x - 1. Give h(3).
-1
Let o(w) = -8*w**2 + 13*w - 4. Determine o(0).
-4
Let c(r) = -7287*r + 87443. Determine c(12).
-1
Let p(w) = -481*w + 2259. Give p(5).
-146
Let w(t) = -154*t - 2. Give w(-1).
152
Let u(x) = -13*x + 114. Calculate u(-14).
296
Let d(t) = -t**3 + 76*t**2 + 67*t + 770. What is d(77)?
0
Let j(p) = p**2 + 25*p - 134. Calculate j(-29).
-18
Let c(j) = -8*j + 35. Determine c(-24).
227
Let m(s) = -3294*s - 29633. What is m(-9)?
13
Let l(v) = -16*v - 827. What is l(-49)?
-43
Let u(l) = 2*l**2 - 142*l + 2405. What is u(43)?
-3
Let m(d) 